 + 954 a prime number?
True
Let n = -86 - -91. Let p be (113/2)/((-6)/(-60)). Suppose 0*k = -n*k + p. Is k composite?
False
Let z be ((-140)/6)/((-76)/114). Suppose -z*j = -39*j + 9476. Is j composite?
True
Let l = -7928 + 5630. Let k = 223 - l. Is k composite?
False
Suppose 5*q + 13 = -3*k - 6, 0 = -3*q - 5*k - 5. Let z be 2/(-5) - (-3)/q. Is (z/(6/(-3651)))/((-5)/(-10)) a composite number?
False
Let p = 99314 - 46267. Is p a composite number?
False
Let o be (632/237)/(2/3). Suppose -3*k + 3036 = -v - 2653, 0 = 3*v - 6. Suppose 2*g = -3*f + k, -1902 = -2*g + o*f - 8*f. Is g a prime number?
True
Let w be (96/160)/((-6)/(-20)). Suppose -w*y = -0*y - 6, 3*v - 4*y = 5331. Is v composite?
True
Is (-1310582)/(-247) - ((-1 - -2) + 8) a prime number?
True
Let x be 120/210 - (-35969)/7. Let h = 70 + x. Is h prime?
True
Suppose 0 = 3*o + 19 - 10. Let a be (22/4 + o)*-4. Let h(g) = g**2 - g + 11. Is h(a) a composite number?
True
Suppose 140*x - 14742096 - 243364 = 0. Is x a prime number?
False
Let p = 1354 - -1599. Let d = -560 + p. Is d a composite number?
False
Suppose -3*z + 5*z = 4*a + 29048, 3*a = 9. Suppose -4*n + 5826 = 2*u, 8*u + 3*n = 3*u + z. Is u prime?
True
Suppose -126*m + 74907766 = 33096712 - 29589492. Is m composite?
True
Let g(j) = 8*j**2 + 35*j - 44. Let u(p) = -25*p**2 - 105*p + 133. Let r(l) = -8*g(l) - 3*u(l). Is r(-24) a prime number?
True
Suppose -43*j = -1506158 + 293945. Is j prime?
False
Suppose -6*r + 283436 - 93020 = 0. Suppose 2*y - r = -4*x - 1614, 2*x = -10. Is y a composite number?
True
Is (28607616/(-63))/(-19) - 9/21 prime?
True
Suppose 39*g = 34*g - 5*l + 32980, 0 = 3*g - l - 19796. Is g a prime number?
False
Suppose 18*y - 514151 - 40511 = 301796. Is y a composite number?
False
Is (-4171263)/(-9)*(4 - -2)*2/4 composite?
False
Let j = 1740248 - 1196697. Is j composite?
False
Let w = 9835 + 27472. Is w a composite number?
False
Let r = -47 + 23. Let z(a) = -44*a + 31. Is z(r) prime?
True
Let m(u) = 7*u**2 + 19*u + 20. Let x(f) = -6*f**2 - 19*f - 22. Let y(r) = 4*m(r) + 3*x(r). Is y(-12) prime?
False
Let n(r) be the third derivative of -5*r**4/24 + 4927*r**3/6 + 34*r**2 - 2*r. Is n(0) prime?
False
Is (-106 + 89)/(3/(-94593)) a prime number?
False
Let j be 4/5 + 9/45. Let i(z) = 2725*z - 20. Is i(j) prime?
False
Suppose -43*t - 79568 + 5607204 = 3*t. Is t a prime number?
False
Suppose 0*r = 2*r - 3*i + 2293, -5*r = 3*i + 5785. Let v = 2491 + r. Is v composite?
True
Suppose -4*h + 2 = -3*b, -3*b = 5*h - 3*h - 10. Suppose w - h*g + 6389 = 2*w, 3*w - 3*g = 19167. Is w a prime number?
True
Let j(p) = -p**2 - 12*p - 22. Let l be j(-8). Is 15/l + (-1355)/(-2) a prime number?
False
Suppose -4*l = 36 - 12, 3*o = -5*l + 1130979. Is o prime?
False
Let t(b) = 4780 + 2730 - b + 7707. Is t(0) composite?
False
Let d be (-1)/(4/48*-1). Suppose -5*t + 57613 = d*t. Is t composite?
False
Suppose 15*o - 8260 = 25*o. Let z = o + 2405. Is z prime?
True
Let t(y) = -17*y**2 - 14*y + 21. Let v be t(11). Let g = v + 3245. Is g a composite number?
True
Suppose 5*k - 188093 = 4*k + s, -940429 = -5*k - s. Is k a prime number?
False
Let i(v) be the third derivative of 53*v**6/120 + v**5/30 - v**4/12 + v**3/3 + 4*v**2. Let p be i(2). Is (-2)/2*2*(-3 - p) a composite number?
True
Suppose 6 = 3*z + 2*a, a - 4 = 4*z - 1. Suppose -7*y + 20 = -2*y. Suppose y*o = -z*o + 2668. Is o a prime number?
False
Suppose 0 = -3*i + 2*v + 385147, 410*i - 411*i = 2*v - 128361. Is i a prime number?
True
Suppose -3338279 = 5*x - 34*x + 2629428. Is x a composite number?
False
Let x = 337 - 353. Let t(v) = 2*v**3 + 55*v**2 + 15*v - 33. Is t(x) a prime number?
False
Let r(i) = 4*i - 5. Suppose y - g - 2 = 2, -4*y = g - 6. Let p be r(y). Suppose 6*z - 24363 = -p*z. Is z composite?
False
Let w be (10 - (4 + -3))*(0 + 1). Suppose w*x = x - 11696. Let v = -548 - x. Is v a prime number?
False
Suppose -19*r - 56*r = 0. Let u(a) = a**3 + a**2 - a + 2. Let p be u(-2). Suppose 5*v - 2*x - 13019 = r, p = 5*v + 5*x - 2*x - 13034. Is v prime?
False
Let r = -10153 + -4907. Is r/(-12) - 4/(-2) composite?
True
Suppose 5*w = 0, 62417 = t - 4*w + 2*w - w. Is t a prime number?
True
Let d(g) = -170*g**3 + 3*g**2 + g - 4. Let p be d(-3). Let q = p - 805. Is q a prime number?
False
Let g be -6*(3 - -2) - 4*-1. Is (-121096)/(-120) - (1 - g/(-30)) a prime number?
True
Let d = 62 - 54. Let u(v) = -v**3 + 9*v**2 - 10*v + 18. Let k be u(d). Suppose 0*h - h = -3, -121 = -r + k*h. Is r prime?
True
Let o be 384/3 - (1 - (-2)/2). Let i be ((3 + -6)/(-3))/((-2)/o). Is (-21766)/(-7) + 27/i prime?
True
Suppose -12540 = -4*k - 2*p, 17*k + 3*p = 14*k + 9399. Is k prime?
True
Suppose 0*j + 183632 = 16*j. Let c = j - 7632. Is c composite?
True
Suppose 0 = -5*i + 9 + 1. Let p(b) = 792*b - 3. Let h be p(i). Suppose -5*n + 4*s + h = 0, -3*n + 838 + 115 = 2*s. Is n composite?
False
Let l(x) be the first derivative of 22*x**3/3 - 11*x**2 + 11*x - 36. Let h(t) = t**2 + 16*t + 21. Let z be h(-14). Is l(z) a composite number?
True
Let o(y) = 88445*y - 894. Is o(7) prime?
False
Suppose 217 = 2*c - 35. Let a = c - 123. Suppose -a*j = -15, -i + 6*j = 2*j - 1634. Is i prime?
False
Let v = 21048 + 18773. Is v a prime number?
True
Let f be (-7 - -7 - -6)*2. Suppose 1499 = t - f. Is t prime?
True
Suppose -9 = -10*x + 9*x. Suppose x*b = -2*b + 2299. Is b a composite number?
True
Is 24 + 4484158/210 - 4/30 a prime number?
True
Suppose 0 = -y + 123 - 121. Is y - (-2 + 2 + -380) composite?
True
Let w(l) = -56*l - 1. Let g be w(2). Suppose 2*y = -4*b + 370 + 86, 4*b - 8 = 0. Let z = g + y. Is z prime?
False
Let i = 227 - 232. Is ((-661)/i)/(22/1210) prime?
False
Let k(b) = 6*b**2 - 5*b + 1. Let g(c) = -c**2 - 6*c + 6. Suppose 18 = 3*w - 6*w. Let d be g(w). Is k(d) prime?
False
Let s be 1/2 - (-253)/22. Let d(x) = -x**3 + 12*x**2 + 8*x - 25. Let u be d(s). Is u*2 + (-6 - 0) + 7 a prime number?
False
Let i(v) = 137*v + 2. Let w = -206 - -231. Is i(w) a composite number?
True
Is (2 - -15) + (-159288)/(-3) a composite number?
False
Suppose 13*r - 334480 = 13205. Let g = r - 14674. Is g composite?
False
Let a(c) = 11*c**3 + 4*c**3 - 10*c - 12*c**2 - 2 - 14*c**3. Let k be a(14). Suppose -1616 + k = -j. Is j a prime number?
False
Let l be (18/(-2))/((-72)/20688). Suppose -8*p + l + 5486 = 0. Is p prime?
True
Suppose -3*s + 27030 = 2*x + 4689, 29771 = 4*s - 3*x. Let v = s + 2508. Is v a prime number?
False
Let y = 412962 - 181831. Is y composite?
False
Suppose 3*h - 5*x = 578, 2*x - 200 = -0*h - h. Let u = 845 + h. Is u composite?
True
Let o(g) = -g**3 + 7*g**2 - g + 1. Suppose 5*u - 11 = 4. Let d be o(u). Let q = 161 - d. Is q a prime number?
True
Let i(y) = 4796 + 5873 - y - 6*y + 3600. Is i(0) a prime number?
False
Let c = -86180 - -267945. Is c prime?
False
Suppose 0 = -15*b - 3*b + 216198. Is b a composite number?
False
Let l = 135 - 130. Suppose -t - 245 = l*j - 3*j, 368 = -3*j - 2*t. Let q = j + 141. Is q prime?
True
Suppose 3*o = 123 - 114, -3*o - 445756 = -5*a. Is a prime?
True
Suppose -2*u - 21 = -31. Suppose 2*m = u*m - 12. Suppose -4*y - 2*d + 2632 = 2*d, 0 = -y + m*d + 643. Is y composite?
True
Let f be 6/(-4)*11/((-264)/64). Suppose -3*o - 4*i = i + 10, f*o - 4*i - 40 = 0. Suppose 3*j = -2*x + 7*x + 1468, -o*x = 25. Is j a prime number?
False
Suppose 950 + 3818 = l - 3*x, 5*l + x = 23920. Is l prime?
True
Suppose 2*b - 56*b + 18*b + 8527212 = 0. Is b prime?
True
Let y be 0 - 7/((-28)/108). Let c = y + -29. Is 0 + 1 + c + 270 a prime number?
True
Let c be 0 + -62*(1 - 13). Suppose 0 = 3*l - 3*v - 3240, 2*l = -2*v + 1155 + 1025. Let q = l - c. Is q composite?
True
Let c = -22110 + 42359. Is c composite?
False
Suppose 6*r - 38319 - 30579 = 0. Is r a composite number?
False
Let k(t) = 37513*t - 437. Is k(6) prime?
False
Suppose u - 170 = -5*f, -119 = -8*f + 5*f - 4*u. Let i be -3*(f/3)/((-3)/236). Suppose 46*d + i = 50*d. Is d prime?
False
Suppose -17*i = 13*i + 14*i - 3434596. Is i composite?
False
Suppose 185 = 15*f + 50. Is 2763/12*(1 - (-51)/f) composite?
True
Suppose -4*t - 1823 + 6182 = a, -a + 1089 = t. Let j be (-3)/((-9)/6) - 587. Let u = t + j. Is u prime?
False
Let k be 138/(-345) + 0 + 34/10. Let v(i) = 2075*i**2 - 2. Is v(k) a composite number?
True
Suppose 11*g = -7507 + 62452. Suppose 5*h = q - 4915, -3*h - 1